List the prime factors of 2172.
2, 3, 181
List the prime factors of 21569.
21569
What are the prime factors of 6024?
2, 3, 251
List the prime factors of 2878.
2, 1439
What are the prime factors of 11587?
11587
List the prime factors of 4679.
4679
What are the prime factors of 21137?
23, 919
What are the prime factors of 854?
2, 7, 61
What are the prime factors of 11249?
7, 1607
What are the prime factors of 79815?
3, 5, 17, 313
List the prime factors of 674.
2, 337
What are the prime factors of 41204?
2, 10301
What are the prime factors of 3204?
2, 3, 89
What are the prime factors of 2333?
2333
List the prime factors of 6688.
2, 11, 19
What are the prime factors of 1389?
3, 463
What are the prime factors of 17856?
2, 3, 31
What are the prime factors of 6410?
2, 5, 641
List the prime factors of 3495.
3, 5, 233
List the prime factors of 10674.
2, 3, 593
List the prime factors of 10530.
2, 3, 5, 13
What are the prime factors of 23370?
2, 3, 5, 19, 41
What are the prime factors of 5225?
5, 11, 19
List the prime factors of 12943.
7, 43
List the prime factors of 534.
2, 3, 89
List the prime factors of 7631.
13, 587
What are the prime factors of 140437?
11, 17, 751
What are the prime factors of 43706?
2, 13, 41
What are the prime factors of 18947?
18947
List the prime factors of 33082.
2, 7, 17, 139
List the prime factors of 106332.
2, 3, 8861
What are the prime factors of 2765?
5, 7, 79
What are the prime factors of 10547?
53, 199
List the prime factors of 182986.
2, 91493
What are the prime factors of 95893?
7, 19, 103
List the prime factors of 10280.
2, 5, 257
List the prime factors of 807.
3, 269
What are the prime factors of 52234?
2, 7, 13, 41
What are the prime factors of 2443?
7, 349
List the prime factors of 33534.
2, 3, 23
What are the prime factors of 4813?
4813
List the prime factors of 8576.
2, 67
What are the prime factors of 472?
2, 59
What are the prime factors of 144949?
7, 20707
List the prime factors of 57336.
2, 3, 2389
What are the prime factors of 1525?
5, 61
What are the prime factors of 638?
2, 11, 29
List the prime factors of 35441.
7, 61, 83
What are the prime factors of 3655?
5, 17, 43
List the prime factors of 4769.
19, 251
List the prime factors of 3774.
2, 3, 17, 37
List the prime factors of 17200.
2, 5, 43
What are the prime factors of 3742?
2, 1871
List the prime factors of 4115.
5, 823
List the prime factors of 2396.
2, 599
List the prime factors of 1385.
5, 277
List the prime factors of 971.
971
List the prime factors of 13708.
2, 23, 149
What are the prime factors of 113438?
2, 13, 4363
What are the prime factors of 6371?
23, 277
List the prime factors of 1323.
3, 7
What are the prime factors of 7896?
2, 3, 7, 47
List the prime factors of 85314.
2, 3, 59, 241
What are the prime factors of 33144?
2, 3, 1381
What are the prime factors of 507?
3, 13
List the prime factors of 29821.
11, 2711
List the prime factors of 1104.
2, 3, 23
What are the prime factors of 4381?
13, 337
List the prime factors of 5381.
5381
List the prime factors of 438.
2, 3, 73
List the prime factors of 46263.
3, 7, 2203
List the prime factors of 1004.
2, 251
List the prime factors of 1391.
13, 107
What are the prime factors of 37141?
13, 2857
What are the prime factors of 32122?
2, 16061
List the prime factors of 68628.
2, 3, 7, 19, 43
List the prime factors of 7315.
5, 7, 11, 19
What are the prime factors of 2177?
7, 311
What are the prime factors of 22?
2, 11
What are the prime factors of 50037?
3, 13, 1283
What are the prime factors of 3146?
2, 11, 13
List the prime factors of 51016.
2, 7, 911
List the prime factors of 19630.
2, 5, 13, 151
What are the prime factors of 84205?
5, 11, 1531
List the prime factors of 5570.
2, 5, 557
What are the prime factors of 76807?
89, 863
What are the prime factors of 18888?
2, 3, 787
What are the prime factors of 54?
2, 3
List the prime factors of 190990.
2, 5, 71, 269
What are the prime factors of 367?
367
List the prime factors of 80145.
3, 5, 13, 137
List the prime factors of 66921.
3, 22307
What are the prime factors of 857?
857
List the prime factors of 596.
2, 149
List the prime factors of 23210.
2, 5, 11, 211
What are the prime factors of 4252?
2, 1063
What are the prime factors of 87120?
2, 3, 5, 11
What are the prime factors of 22021?
19, 61
List the prime factors of 264.
2, 3, 11
List the prime factors of 40599.
3, 13, 347
List the prime factors of 95515.
5, 7, 2729
List the prime factors of 5175.
3, 5, 23
What are the prime factors of 651?
3, 7, 31
What are the prime factors of 623?
7, 89
What are the prime factors of 58745?
5, 31, 379
List the prime factors of 27269.
11, 37, 67
What are the prime factors of 860?
2, 5, 43
What are the prime factors of 69117?
3, 23039
What are the prime factors of 1518?
2, 3, 11, 23
List the prime factors of 60197.
17, 3541
What are the prime factors of 107967?
3, 17, 29, 73
List the prime factors of 6071.
13, 467
List the prime factors of 30885.
3, 5, 29, 71
List the prime factors of 23747.
23747
What are the prime factors of 177?
3, 59
What are the prime factors of 4?
2
List the prime factors of 163.
163
What are the prime factors of 437?
19, 23
What are the prime factors of 128895?
3, 5, 13, 661
List the prime factors of 1638.
2, 3, 7, 13
What are the prime factors of 6047?
6047
List the prime factors of 14096.
2, 881
List the prime factors of 5664.
2, 3, 59
What are the prime factors of 3867?
3, 1289
List the prime factors of 586.
2, 293
What are the prime factors of 3057?
3, 1019
What are the prime factors of 2621?
2621
List the prime factors of 26969.
149, 181
List the prime factors of 5335.
5, 11, 97
What are the prime factors of 595?
5, 7, 17
What are the prime factors of 362?
2, 181
List the prime factors of 59.
59
List the prime factors of 14095.
5, 2819
List the prime factors of 3489.
3, 1163
List the prime factors of 7250.
2, 5, 29
List the prime factors of 2241.
3, 83
List the prime factors of 2886.
2, 3, 13, 37
What are the prime factors of 1064?
2, 7, 19
What are the prime factors of 7545?
3, 5, 503
What are the prime factors of 17553?
3, 5851
List the prime factors of 2699.
2699
What are the prime factors of 2554?
2, 1277
List the prime factors of 6477.
3, 17, 127
What are the prime factors of 53779?
11, 4889
List the prime factors of 41960.
2, 5, 1049
List the prime factors of 10.
2, 5
List the prime factors of 4658.
2, 17, 137
List the prime factors of 653.
653
What are the prime factors of 4045?
5, 809
List the prime factors of 1234.
2, 617
List the prime factors of 476.
2, 7, 17
List the prime factors of 14928.
2, 3, 311
What are the prime factors of 1133?
11, 103
List the prime factors of 15265.
5, 43, 71
List the prime factors of 6357.
3, 13, 163
List the prime factors of 42486.
2, 3, 73, 97
What are the prime factors of 20112?
2, 3, 419
What are the prime factors of 71082?
2, 3, 11, 359
List the prime factors of 10615.
5, 11, 193
What are the prime factors of 48245?
5, 9649
List the prime factors of 13055.
5, 7, 373
What are the prime factors of 2367?
3, 263
What are the prime factors of 2584?
2, 17, 19
What are the prime factors of 1879?
1879
What are the prime factors of 4417?
7, 631
List the prime factors of 484.
2, 11
What are the prime factors of 108969?
3, 7, 5189
List the prime factors of 568.
2, 71
List the prime factors of 1554.
2, 3, 7, 37
List the prime factors of 1240.
2, 5, 31
What are the prime factors of 45601?
31, 1471
What are the prime factors of 9662?
2, 4831
What are the prime factors of 2645?
5, 23
What are the prime factors of 16690?
2, 5, 1669
What are the prime factors of 10921?
67, 163
List the prime factors of 559.
13, 43
What are the prime factors of 4770?
2, 3, 5, 53
List the prime factors of 38472.
2, 3, 7, 229
List the prime factors of 16760.
2, 5, 419
List the prime factors of 9626.
2, 4813
List the prime factors of 4696.
2, 587
List the prime factors of 21851.
21851
What are the prime factors of 41657?
7, 11, 541
What are the prime factors of 9383?
11, 853
What are the prime factors of 119227?
119227
What are the prime factors of 730?
2, 5, 73
What are the prime factors of 1057?
7, 151
What are the prime factors of 72?
2, 3
What are the prime factors of 56586?
2, 3, 9431
List the prime factors of 5671.
53,